 - 2*w - 6*w + w. What is the units digit of q(-11)?
2
Suppose -150 = -o + r + 454, -3*o - 5*r + 1836 = 0. What is the units digit of o?
7
Suppose 0 = 2*s + 2*s + 2*k - 246, 4*s - k - 237 = 0. Let f = s - -52. What is the tens digit of f?
1
Let d(q) = -135*q**3 - 2*q**2 - 3*q. Let x be d(-2). Suppose l = -6*l + x. What is the tens digit of l?
5
Suppose 0 = 8*z + 591 - 1783. What is the units digit of z?
9
Suppose -2*q = 5*y + 59, 4*y - 14 = -3*q - 85. Let f = q - -1. Let d = f - -44. What is the units digit of d?
8
Let d(i) be the third derivative of -1/120*i**6 - 5/6*i**3 + 1/8*i**4 + 0 + 8*i**2 + 0*i + 2/15*i**5. What is the tens digit of d(7)?
6
Let t be -10 + ((-4)/(-4))/1. Let p be 92/(-20) + t/(-15). What is the units digit of -2 + 208/4 + p?
6
Let o = 16 - 24. Suppose 0 = -v + 1, -3*v = 3*r + v - 1. What is the tens digit of r/(-4) - 246/o?
3
Let o(n) = -6*n**3 + 80*n**2 + 7*n - 6. What is the units digit of o(-5)?
9
Suppose -17682 = 14*h - 35*h. What is the hundreds digit of h?
8
Let i(n) = -30*n - 8. Let u be i(-6). Suppose -40 - u = -4*w. Suppose -3*d = -127 - w. What is the units digit of d?
0
Let f be (2 + -10)/((-4)/(-6)). Let u = f - 87. What is the units digit of 1/(-7) + u/(-7)?
4
Let n be (-8)/6*(11 + -14). Suppose 0*s + 3*s - 44 = y, -n*y = s - 32. What is the tens digit of s?
1
Let v(n) = 3*n**2 - n - n - 8*n - 7. What is the units digit of v(5)?
8
Let x(t) be the second derivative of -t**5/20 - 3*t**4/2 + 13*t**3/6 + 3*t**2 + 37*t. What is the tens digit of x(-19)?
2
Suppose 0 = -2*f + 6. Suppose -4*o + 344 = 2*t, 6*o - 3*o - 240 = f*t. What is the units digit of (0 - 1) + o/4?
0
Suppose 3*d = -3*z + 666, -3*z + 6*z - 3*d - 684 = 0. What is the hundreds digit of z?
2
Let f(n) be the second derivative of 6*n**3 - n**2 - 2*n - 2. Let t be 2/7 - (-5)/7. What is the units digit of f(t)?
4
What is the thousands digit of (((-99568)/21)/7)/(2/(-3))?
1
Let i be 552/(-23)*10/3 - -1. Let r = i - -161. What is the units digit of r?
2
Let d(z) be the first derivative of -z**4/4 - 2*z**3 + 7*z**2/2 + 7*z + 5. Let u be d(-7). Let f = u + 24. What is the tens digit of f?
3
Let a(o) = o**2 - 6*o - 5. Let q be a(-5). Suppose -q*i - 378 = -53*i. What is the tens digit of i?
2
Let r(f) = 3*f**2 + 3*f - 10. Let q be r(-3). What is the units digit of (-15)/(2*(-1)/q)?
0
Let w be 3 - ((-6)/(-3) + -3). Suppose w*a = a. Suppose 2*g - 59 - 37 = a. What is the units digit of g?
8
Let t be 4/((-16)/(-12)) - 300. Let i = 189 + t. Let r = -48 - i. What is the units digit of r?
0
Suppose 5*z + 4865 = 5*m, -105 = -2*z - 99. What is the tens digit of m?
7
Suppose 242 + 1312 = 7*z. What is the hundreds digit of z/(-4)*36/(-9)?
2
Let k = 9 + -7. Suppose -2*j = -2*o - k, 0 = o + 3*j - 2*j - 9. Suppose 4*p = 3*u + u + 48, 3*p - o*u - 31 = 0. What is the units digit of p?
7
Let z = -19 - -6. Let d = z - -20. Suppose d = -5*p + 72. What is the tens digit of p?
1
Let i(x) = -2*x**3 + 16*x + 38. What is the tens digit of i(-5)?
0
Let z be ((-1440)/(-6))/((-6)/(-8)). Let j = -226 + z. Suppose -3*n - p = -63, -2*p - j = -5*n - 0*p. What is the tens digit of n?
2
Suppose 0 = -3*n - 17 + 8. Let w(o) = -o**3 - 2*o**2 - o + 3. Let s be w(n). What is the units digit of ((-12)/s)/(3/(-45))?
2
Let q be (5 + -3 + -4)/1. Let s be q/5 + 8/20. Suppose -u - 4 = -2*u, s = -3*j + 4*u + 20. What is the tens digit of j?
1
Let z be (-194)/8*3*-4. Suppose 4*o - z = -99. Suppose 5*t = 57 + o. What is the units digit of t?
1
Let j(y) = y + 1. Let c(h) = 13*h - 13. Let i(k) = -c(k) - 5*j(k). What is the tens digit of i(-3)?
6
Let w = 731 - 388. What is the hundreds digit of w?
3
Let k(r) = 2*r**3 + 23*r**2 - 104*r + 31. What is the thousands digit of k(9)?
2
Suppose 3*q = 5*g - 2*q + 35, 0 = 3*g + 5*q - 11. Let m = g + 1. What is the units digit of (2/(-3))/m*15?
5
Let q(r) = 7*r**2 + r + 1. Suppose 0*u + 2 = -u. What is the tens digit of q(u)?
2
Let b = -7 - -166. What is the tens digit of b?
5
Let c = 24 - 20. Suppose 2*p = 4*j + 94, 0 = 4*p - 2*j - 139 - 61. Suppose -p = r - c*r. What is the tens digit of r?
1
Suppose -j - 4 + 5 = 0. Suppose 0 = 3*u - j - 11. What is the units digit of ((-2)/u)/(10/(-380))?
9
Suppose -5*d + 32 = 5*p - 193, -4*p + d + 180 = 0. Let j be 1/(-5) + (-36)/p. What is the units digit of 208/6 - j/3?
5
Suppose -4*h = 2*u - 83 + 247, 0 = -5*u - 3*h - 382. What is the tens digit of (-15)/(-30) + u/(-4)?
1
Let t(x) = 3*x + 5. Let p be t(0). Suppose 28 = q - p*h - 19, 195 = 5*q - 5*h. What is the units digit of q?
7
Let l(i) = 4*i - 13. Let q be l(5). Let w = q + 19. What is the units digit of w?
6
Let h = 7716 - 4220. What is the thousands digit of h?
3
What is the hundreds digit of -3*(-5 + (8 - 4)) + 770?
7
Let u = -764 - -3404. What is the hundreds digit of u?
6
Suppose 14*a - 9*a + 2*z - 124 = 0, -a + z = -29. What is the tens digit of a?
2
Let r = 13 + -22. Let j be (r - -6)/(3/(-8)). Suppose 0 = 4*i - j, 3*g + 3*i - 129 = 15. What is the units digit of g?
6
Let h(g) = 6*g**2 + 4*g + 3. Let m be h(-4). Let b = m - 59. Let s = b + 5. What is the tens digit of s?
2
What is the units digit of 6/9*(-11 + 7856)?
0
Let k(i) = 2 + 4*i**2 + 2*i**2 + 5*i - 4*i**2. Let l be k(-3). Suppose 0 = l*s + 10, 4*s + 13 - 59 = -2*d. What is the units digit of d?
7
Suppose 0 = 13*p - 13213 - 3622. What is the units digit of p?
5
Suppose 0 = 5*m - 150 - 5. Suppose m = -5*q + 6. What is the units digit of 3 + (0 - 0) - q?
8
What is the units digit of 12/12*-4 + (-1572)/(-2)?
2
Suppose -6*z = -448 - 146. Suppose -z - 133 = -2*s. What is the units digit of s?
6
Suppose -5*p + 0*p + 125 = 0. Let z be (-27)/(-5) - 10/p. Suppose -z*i - 230 = -5*u, -2*i = -4*u + 122 + 52. What is the tens digit of u?
4
Let i = 32 + -28. Suppose 0*f + f - i*z = 99, -z - 297 = -3*f. What is the tens digit of f?
9
Let a(q) = -q**3 + 10*q**2 - 6*q + 8. Let w be a(9). Let l = -70 + w. Let u = -20 - l. What is the units digit of u?
5
Suppose -46 = 5*r - 4*f, 3*f = 2*r + f + 20. What is the hundreds digit of (r/4)/(6/(-688))?
1
Let c(g) = -g**2 - 15*g - 2. Let v be c(-14). Let u(m) = m**2 - 5*m. What is the units digit of u(v)?
4
Let s(i) = 96*i**2 - 5*i + 3. What is the units digit of s(4)?
9
Let b be 10 + -2 + 3/(-1). Let c be (-5)/((-10)/(-4)) + b. Suppose 0 = -4*m - 5*k + 139, -2*m + c*m - 31 = -5*k. What is the tens digit of m?
3
What is the tens digit of (-5)/(-70)*6 - (-3729)/21?
7
Let s be ((-3)/(-6))/((-2)/(-68)). Let d = -57 + s. What is the units digit of (0 - -25)*(-32)/d?
0
Let r be (-26)/(-4)*(6 + -3)*4. Suppose 2 - 11 = -3*m. Suppose m*c - 4*o - 117 + 0 = 0, -2*c + r = -2*o. What is the units digit of c?
9
Let b be (36/(-24))/((-3)/(-28)). Let j = 103 + b. What is the units digit of j?
9
Let s(l) = -l**2 - 10*l - 22. Let h be s(-5). Let v(k) = 54*k + 2. What is the hundreds digit of v(h)?
1
Suppose -37 = -3*p + 3*l + 2, -p - 4*l = -8. Let v = p + -7. Suppose -5*r + 3 = -c - 4, -25 = -v*r. What is the tens digit of c?
1
Let x be (-128)/(-48)*6/4. Suppose 0 = 3*b + 3*i - 75, -x*i + 125 = 4*b + b. Suppose b = 4*l - 43. What is the units digit of l?
7
Let o(a) = 5*a**2 + 9*a + 27. Let f be o(-8). Let r = f - 116. What is the units digit of r?
9
What is the units digit of (2/(-4))/((102/2304)/(-17))?
2
Let d(y) = y**2 - 4*y + 6. Let m be d(4). Suppose 0 = b - 4 - m. Suppose 5*r = b*r - 70. What is the tens digit of r?
1
Let i(t) be the first derivative of 2*t**3/3 - t**2/2 + 14*t - 27. What is the units digit of i(5)?
9
Let j be (-6)/15 - (-304)/10. Suppose 0 = -5*d + 5*q - j, -q - 10 = 3*d - 2*q. What is the units digit of (-3)/d - 441/(-18)?
6
Let z(j) = -j**2 + 40*j + 107. What is the units digit of z(33)?
8
Let f(r) = r - 6. Let w be f(11). Let m(q) = -7*q - 10. Let t(y) = y + 1. Let b(j) = -m(j) - 4*t(j). What is the units digit of b(w)?
1
Suppose 48 = 5*a + a. What is the units digit of (-1610)/(-80) + (-1)/a?
0
Suppose -3*x + 2*x - 11 = r, 2*x - r + 7 = 0. Let w = 98 - x. What is the tens digit of w?
0
Suppose -5*w = -4*l - 2390, -5*w - 6*l = -11*l - 2390. What is the units digit of w?
8
Suppose -5*z = -2 - 18. Suppose 2*y - 10 = z*y, 3*s - 5 = -2*y. What is the units digit of (-5)/(s/(-36)) - -3?
9
Suppose 3*h - 1 = 5, 3*s = 5*h + 11. What is the tens digit of ((-52)/2)/(s/(-14))?
5
S